{"id":365,"date":"2019-04-10T11:12:30","date_gmt":"2019-04-10T11:12:30","guid":{"rendered":"https:\/\/herstu.fas.is\/?page_id=365"},"modified":"2019-10-07T13:54:48","modified_gmt":"2019-10-07T13:54:48","slug":"latvia-participants","status":"publish","type":"page","link":"https:\/\/herstu.fas.is\/?page_id=365","title":{"rendered":"Latvia Participants"},"content":{"rendered":"<h2>Teachers:<\/h2>\n<p>Inga Branta<br \/>\nDace L\u0113j\u0113ja<br \/>\nAldis Kalns<span id=\"fb-timeline-cover-name\" class=\"_2t_q\" data-testid=\"profile_name_in_profile_page\"><\/span><\/p>\n<h2>Students:<\/h2>\n<p>Gabriela Zalcmane<br \/>\nAmanda Spalva<br \/>\nMikus L\u0101cis<br \/>\nDi\u0101na Samsonova<br \/>\nL\u012bva Let\u012bcija Pekarska<br \/>\nAnce Kalni\u0146a<br \/>\nU\u0123is Patriks Pumpurs<br \/>\nGerda Anna Gr\u016btupa<br \/>\nAldis<span data-contrast=\"auto\">\u00a0<\/span><span data-contrast=\"auto\">Kalns<\/span><br \/>\nEdgars\u00a0<span data-contrast=\"auto\">Ri<\/span><span data-contrast=\"auto\">\u010d<\/span><span data-contrast=\"auto\">ards<\/span><span data-contrast=\"auto\">\u00a0<\/span><span data-contrast=\"auto\">Bark<\/span><span data-contrast=\"auto\">\u00e3<\/span><span data-contrast=\"auto\">ns<\/span><span data-ccp-props=\"{}\">\u00a0<\/span><br \/>\nElizabete<span data-contrast=\"auto\">\u00a0<\/span><span data-contrast=\"auto\">Ozola<\/span><br \/>\nPaula<span data-contrast=\"auto\">\u00a0<\/span><span data-contrast=\"auto\">Dravniece<\/span><\/p>\n","protected":false},"excerpt":{"rendered":"<p>Teachers: Inga Branta Dace L\u0113j\u0113ja Aldis Kalns Students: Gabriela Zalcmane Amanda Spalva Mikus L\u0101cis Di\u0101na Samsonova L\u012bva Let\u012bcija Pekarska Ance Kalni\u0146a U\u0123is Patriks Pumpurs Gerda Anna Gr\u016btupa Aldis\u00a0Kalns Edgars\u00a0Ri\u010dards\u00a0Bark\u00e3ns\u00a0 Elizabete\u00a0Ozola Paula\u00a0Dravniece<\/p>\n","protected":false},"author":2,"featured_media":0,"parent":0,"menu_order":0,"comment_status":"closed","ping_status":"closed","template":"","meta":{"footnotes":"","_links_to":"","_links_to_target":""},"class_list":["post-365","page","type-page","status-publish","hentry","post"],"_links":{"self":[{"href":"https:\/\/herstu.fas.is\/index.php?rest_route=\/wp\/v2\/pages\/365","targetHints":{"allow":["GET"]}}],"collection":[{"href":"https:\/\/herstu.fas.is\/index.php?rest_route=\/wp\/v2\/pages"}],"about":[{"href":"https:\/\/herstu.fas.is\/index.php?rest_route=\/wp\/v2\/types\/page"}],"author":[{"embeddable":true,"href":"https:\/\/herstu.fas.is\/index.php?rest_route=\/wp\/v2\/users\/2"}],"replies":[{"embeddable":true,"href":"https:\/\/herstu.fas.is\/index.php?rest_route=%2Fwp%2Fv2%2Fcomments&post=365"}],"version-history":[{"count":5,"href":"https:\/\/herstu.fas.is\/index.php?rest_route=\/wp\/v2\/pages\/365\/revisions"}],"predecessor-version":[{"id":546,"href":"https:\/\/herstu.fas.is\/index.php?rest_route=\/wp\/v2\/pages\/365\/revisions\/546"}],"wp:attachment":[{"href":"https:\/\/herstu.fas.is\/index.php?rest_route=%2Fwp%2Fv2%2Fmedia&parent=365"}],"curies":[{"name":"wp","href":"https:\/\/api.w.org\/{rel}","templated":true}]}}